he greatest common factor of 6 and f.
6
Let a be 146/14 - (-15)/(-35). Let u be (-27)/(-9) - (1 - a). Calculate the greatest common factor of u and 6.
6
Let o = -4 - -1. Let w(h) = 25*h. Let d be w(o). Let x = 46 - d. Calculate the highest common factor of x and 11.
11
Let c = 10 - 5. Let m be 1/(-1) + 2*c. Suppose -2*d + 45 = 3*d. Calculate the highest common factor of d and m.
9
Let y(d) = 9*d. Let f be y(7). What is the greatest common factor of f and 9?
9
Let w = -4 - -5. Let m be w - 2*(-6)/4. Suppose h - 60 = -3*o, -200 = -4*h + h - m*o. Calculate the highest common divisor of 9 and h.
9
Let p = 0 - -4. Let z(b) = -4*b**3 + b + 1. Let v be z(-1). What is the greatest common factor of v and p?
4
Let a = 12 + 2. Calculate the highest common divisor of a and 56.
14
Let g = 20 - 14. Let t(b) = 2*b - 4. Let n be t(g). What is the highest common divisor of n and 56?
8
Let q(a) = -26*a + 12. Let g be q(-3). What is the highest common divisor of 36 and g?
18
Let q(d) = -d**3 + d - 1. Suppose 0*s - 4*s = -4. Let j be q(s). Let k be 0/(-3) + j - -56. What is the greatest common divisor of 22 and k?
11
Let m(o) = 2*o**2 + 6*o + 10. Let x be m(-8). Calculate the highest common factor of 18 and x.
18
Suppose -5*x + 6 = -2*m, -4*m - 5*x + 8*x + 2 = 0. Suppose -18 = -m*v - 3*u - 1, 2*u = 3*v - 32. Calculate the greatest common divisor of 80 and v.
10
Let w(q) = -q**3 + 4*q**2 + 2. Let s be w(3). Calculate the greatest common divisor of s and 187.
11
Let v be 14/28 + (-2)/(-4). What is the highest common divisor of 9 and v?
1
Let c be (-280)/7*14/(-5). What is the greatest common divisor of 14 and c?
14
Let h be 210/((4 + -1)*(-2)/(-4)). What is the greatest common factor of h and 28?
28
Suppose 3*k = -3*b - 0 - 3, -k + 7 = 5*b. Suppose -2*x + 5*f - 11 = 0, b*x - f - 1 + 0 = 0. What is the highest common factor of x and 10?
2
Let k be 2/9 - 784/(-36). Suppose v = -v + k. Calculate the highest common divisor of v and 99.
11
Suppose 0 = 2*l + 2, -q + 4 + 3 = -5*l. Suppose t = 5*f - 71, -5*f + 38 = -3*f + q*t. Let w be ((-20)/6)/(2/(-6)). What is the highest common factor of w and f?
5
Suppose 5*f - 45 = 4*f. Calculate the greatest common factor of f and 9.
9
Let a = 5 - -28. What is the highest common divisor of 55 and a?
11
Let x be (-26)/(-8)*(40 + 0). Calculate the highest common divisor of 26 and x.
26
Let y(v) = -v + 27. Suppose -3*f = -q - 4, -4*f + 53 = 2*q + q. Let d be y(q). What is the greatest common divisor of d and 8?
8
Let q = 74 - 40. Let z = -91 + 429. Let y be 1/2 - z/(-4). What is the highest common divisor of y and q?
17
Suppose 5*s = -0*s. Suppose k - 4*k + 3 = s. Suppose -f = 5*p - 25, 3*f - 3*p - k = 2. Calculate the greatest common divisor of 1 and f.
1
Let y = 12 + 4. What is the greatest common divisor of y and 24?
8
Suppose 0 = 3*u - 9, 0*m + 105 = 5*m - 5*u. Let k(x) = 2*x**2 - x + 2. Let l be k(1). What is the highest common factor of l and m?
3
Let t(m) = -m + 4. Let n be t(-4). What is the highest common divisor of 4 and n?
4
Let u(o) = o**3 - 5*o**2 + 3*o - 1. Let r be u(5). Suppose -5*h - b + 10 = 0, 2*h + 3*b - 4 = 4*b. What is the greatest common factor of h and r?
2
Let d(c) = -c**3 + 4*c**2 + 2*c - 2. Let q be d(2). What is the highest common divisor of q and 80?
10
Let v(k) = k - 1. Let h be v(3). Suppose -36 = -h*a + 4. Let y(c) = c**3 + 5*c**2 - 2*c - 4. Let q be y(-3). Calculate the greatest common factor of a and q.
20
Let s(k) = 2*k - 1. Let c be s(6). Let o = 7 - 6. Let x be -1*11/o*-1. What is the highest common divisor of c and x?
11
Let v = 12 + -4. Let c(u) = -5 + u**2 + 6 - 3*u - 2. Let m be c(v). What is the highest common divisor of m and 13?
13
Suppose 5*p = -2 + 17. Suppose p*h - 3 = -0. Let l be h/(-7) + (-15)/(-7). Calculate the highest common divisor of l and 1.
1
Suppose -277 - 93 = -2*a + m, -3*a - m = -565. What is the highest common divisor of 17 and a?
17
Suppose 0*v - 2*z = -v, 0 = 3*v - 3*z. Suppose n = -2*g + 24, 0 = -n - 3*g - v*g + 29. Calculate the highest common factor of 7 and n.
7
Suppose -4*k - 3 = -327. Calculate the greatest common factor of k and 9.
9
Let l(i) = i - 3. Let y be l(8). Let r be 36/(-12) + 48/1. What is the highest common factor of y and r?
5
Suppose 4*h + 0*h - 38 = -2*s, -s = -5*h + 2. Let d = -4 - -9. Suppose -d*c = -0*c - 130. Calculate the greatest common divisor of c and s.
13
Suppose 5*d - 40 = 4*l, 2*d - 2*l = 8 + 10. Suppose 97 = d*x - 191. What is the highest common factor of x and 18?
18
Suppose -752 + 200 = -6*a. Calculate the highest common divisor of 46 and a.
46
Let r(n) = n + 5. Let i be r(5). Let m = i + -9. Suppose 4*p - 36 = 5*c, -c = -3*p - 3*c + 4. What is the highest common factor of m and p?
1
Let t(u) = u**3 - 11*u**2 - 26*u + 12. Let f be t(13). What is the highest common divisor of 36 and f?
12
Suppose -o = -6*o + 25. Suppose -x = 3*q - 66, 86 - o = x - 2*q. Calculate the highest common divisor of 15 and x.
15
Suppose x - 5*x = -8. Let m be -8*1/x*-1. Suppose 2*f - 1 = 1. Calculate the highest common factor of f and m.
1
Let j be -3*3/(4 + -1). Let q = j + 17. Suppose q = -t - 4*u, -t - 3*u + 16 = -5*u. What is the greatest common factor of 48 and t?
6
Suppose -5*o = 25, -4*o = -j + o + 202. Let l be j/12 + (-6)/8. Calculate the greatest common factor of l and 21.
7
Suppose 4*j = -12, -4*k + 2*j = 6*j - 36. What is the greatest common factor of 48 and k?
12
Let m = 39 - 27. Let j be 5*(-3)/((-45)/12). Suppose -m = -f - j. What is the greatest common divisor of f and 40?
8
Let c(r) = -6*r**2 - 46*r - 14. Let t be c(-7). Suppose -1 = -w + 1. What is the highest common factor of w and t?
2
Let l = 10 - 7. Let z = 3 + l. Let d(w) = 8*w - 26. Let c be d(4). Calculate the greatest common divisor of c and z.
6
Let z(v) = 12*v**2 + 3*v + 1. Let a be z(-1). Suppose 2*q + 12 = 3*m - 6, -m = 0. Let j be (-2)/(-2) - (q - 0). What is the highest common factor of j and a?
10
Suppose -4*l - 1069 = 1927. Let q = l + 510. Let m be (q - -2)/(-3) - 2. Calculate the greatest common divisor of m and 11.
11
Suppose -105 = -3*q - 2*s + 71, 5*s = 3*q - 148. What is the highest common divisor of 140 and q?
28
Suppose -16 = -k - i - 42, 3*k = 3*i - 78. Let y = 38 + k. Suppose 5*u - 3*q - 111 = 0, -u - u = 3*q - 57. Calculate the highest common factor of u and y.
12
Suppose -7*m + 3*m = 0. Suppose -5*t - 3*s = -18, 4 = -s - m*s. Suppose p = 18 + t. Calculate the highest common factor of p and 3.
3
Let a(b) = b + 2. Let d be a(-2). Let v be -24*(-1 + d) + 2. Suppose 177 = 4*r - 3*h + v, 5*r - 209 = -3*h. What is the highest common factor of 10 and r?
10
Let y = 52 - 42. What is the greatest common factor of 10 and y?
10
Suppose -2*z = 3*l - 34, 3*z = -2*z + 3*l + 85. Let c = z - 12. What is the greatest common factor of 55 and c?
5
Let c = -2 - -4. Suppose -5*d = -c*d - 150. What is the highest common factor of d and 20?
10
Let z = -17 - -20. Suppose -v + 68 = 4*d, 83 = v - z*d + 2*d. Calculate the greatest common factor of 10 and v.
10
Suppose 475 = 39*b - 34*b. What is the greatest common divisor of b and 19?
19
Let d = 109 + -53. Calculate the highest common factor of 8 and d.
8
Let k(u) = 2 + 4*u - 6 - 3 + 1. Let r be k(12). Calculate the greatest common factor of 105 and r.
21
Suppose 2*h + 3*m - 28 = 0, -3*h + 5*m = -4 - 0. What is the greatest common factor of h and 24?
8
Suppose 2*o = -4*j + 76, -5*j + 37 = -5*o - 43. Suppose -4*b + 10 = -4*t - 34, -2*b + 3*t = -24. What is the highest common divisor of b and j?
9
Suppose 2*y - 5*x = 174, -y + 5*x - 288 = -5*y. Suppose 16 = a + 2. Let k be (a/3)/((-4)/(-6)). Calculate the highest common factor of y and k.
7
Let m = -77 - -78. What is the greatest common divisor of m and 4?
1
Suppose -4*r + 17 = -15. Let a(p) = -p**3 + 8*p**2 + 2*p - 10. Let n be a(r). Calculate the highest common divisor of 42 and n.
6
Suppose -26 - 64 = -6*i. Calculate the highest common divisor of i and 60.
15
Let c(r) = -16*r - 16. Let i be (0 - 1)*4*2. Let j be c(i). Calculate the greatest common divisor of j and 16.
16
Let h be 45/10 + (-2)/(-4). Suppose 2*p - 17 = -3*t, -2*p - h*t + 19 = -0*t. Calculate the highest common divisor of p and 49.
7
Let r be 1/(-3) + 20/6. Let v(n) = 2*n**2 - 3*n + 2. Let p be v(r). Calculate the highest com